{"id":2940,"date":"2026-04-15T14:32:29","date_gmt":"2026-04-15T13:32:29","guid":{"rendered":"https:\/\/www.silken.windhound.com\/starcastlehounds\/?page_id=2940"},"modified":"2026-04-22T23:49:20","modified_gmt":"2026-04-22T22:49:20","slug":"silken-windhounds-i-sverige","status":"publish","type":"page","link":"https:\/\/www.silken.windhound.com\/starcastlehounds\/silken-windhounds-i-sverige\/","title":{"rendered":"Silken Windhounds i Sverige"},"content":{"rendered":"\n<p><\/p>\n\n\n\n<p><\/p>\n\n\n\n<p><strong>April 2026<\/strong><\/p>\n\n\n\n<h2 class=\"wp-block-heading\">Silken Windhounds har accepterats in i FSS, det \u00e4r f\u00f6rstadiet till ett erk\u00e4nnande av rasen i AKC, American Kennel Club.<\/h2>\n\n\n\n<p><\/p>\n\n\n\n<p>Att erk\u00e4nnas av AKC \u00e4r av grundl\u00e4ggande betydelse d\u00e5 USA \u00e4r &#8220;COO&#8221;, Country Of Origin, d v s ursprungsland f\u00f6r rasen Silken Windhound. Att rasen \u00e4r erk\u00e4nd av en f\u00f6r FCI acceptabel kennelklubb i ursprungslandet \u00e4r av stor betydelse f\u00f6r vidare erk\u00e4nnade av  rasen inom FCI-sf\u00e4ren.<\/p>\n\n\n\n<figure class=\"wp-block-image size-large has-custom-border\"><img data-opt-id=109558219  fetchpriority=\"high\" decoding=\"async\" width=\"1024\" height=\"678\" src=\"https:\/\/mlvpf61vi6vj.i.optimole.com\/w:1024\/h:678\/q:mauto\/f:best\/https:\/\/www.silken.windhound.com\/starcastlehounds\/wp-content\/uploads\/2026\/04\/Bunny.jpg\" alt=\"Bunny, en Silken Windhoundtik hos kennel Starcastle Hound's i Sverige\" class=\"has-border-color has-custom-starcastle-gol-border-color wp-image-3321\" style=\"border-width:2px\" srcset=\"https:\/\/mlvpf61vi6vj.i.optimole.com\/w:1024\/h:678\/q:mauto\/f:best\/https:\/\/www.silken.windhound.com\/starcastlehounds\/wp-content\/uploads\/2026\/04\/Bunny.jpg 1024w, https:\/\/mlvpf61vi6vj.i.optimole.com\/w:300\/h:199\/q:mauto\/f:best\/https:\/\/www.silken.windhound.com\/starcastlehounds\/wp-content\/uploads\/2026\/04\/Bunny.jpg 300w, https:\/\/mlvpf61vi6vj.i.optimole.com\/w:768\/h:509\/q:mauto\/f:best\/https:\/\/www.silken.windhound.com\/starcastlehounds\/wp-content\/uploads\/2026\/04\/Bunny.jpg 768w, https:\/\/mlvpf61vi6vj.i.optimole.com\/w:1200\/h:795\/q:mauto\/f:best\/https:\/\/www.silken.windhound.com\/starcastlehounds\/wp-content\/uploads\/2026\/04\/Bunny.jpg 1200w\" sizes=\"(max-width: 1000px) 100vw, 1000px\" \/><figcaption class=\"wp-element-caption\">Bunny, Kristull Velveteen Rabbit<\/figcaption><\/figure>\n\n\n\n<div style=\"height:40px\" aria-hidden=\"true\" class=\"wp-block-spacer\"><\/div>\n\n\n\n<p><a href=\"https:\/\/www.silken.windhound.com\/starcastlehounds\/silken-windhounds-i-sverige\/fss-foundation-stock-service\/\" title=\"Vad \u00e4r FSS\">Vad \u00e4r FSS<\/a><a href=\"https:\/\/www.silken.windhound.com\/starcastlehounds\/silken-windhounds-i-sverige\/fss-foundation-stock-service\/\" title=\" (Foundation Stock Service)\"> (Foundation Stock Service)<\/a>?<\/p>\n\n\n\n<p><a href=\"https:\/\/www.silken.windhound.com\/starcastlehounds\/silken-windhounds-i-sverige\/fss-sverige\/\" title=\"Vad inneb\u00e4r FSS f\u00f6r rasen i Sverige?\">Vad inneb\u00e4r FSS f\u00f6r rasen i Sverige?<\/a><\/p>\n\n\n\n<p><a href=\"https:\/\/www.silken.windhound.com\/starcastlehounds\/history-of-the-silken-windhound\/milestones-in-silken-windhound-history\/early-stories-from-silken-windhound-history\/the-first-silkenfest\/\" title=\"First Silkenfest\">First Silkenfest<\/a><br>Bakgrunden till bildandet av ISWS, International Silken Windhound Society, m\u00e5let att f\u00e5 rasen erk\u00e4nd av AKC o s v.<\/p>\n\n\n\n<p><\/p>\n\n\n\n<p><\/p>\n\n\n\n<p><\/p>\n\n\n\n<div style=\"height:100px\" aria-hidden=\"true\" class=\"wp-block-spacer\"><\/div>\n\n\n\n<p><\/p>\n\n\n\n<p><\/p>\n\n\n\n<div class=\"wp-block-group has-border-color has-custom-starcastle-gol-border-color is-layout-flow wp-block-group-is-layout-flow\" style=\"border-width:2px;padding-top:24px;padding-right:24px;padding-bottom:24px;padding-left:24px\">\n<div class=\"wp-block-columns is-layout-flex wp-container-core-columns-is-layout-28f84493 wp-block-columns-is-layout-flex\">\n<div class=\"wp-block-column is-vertically-aligned-center is-layout-flow wp-block-column-is-layout-flow\">\n<figure class=\"wp-block-image aligncenter size-full is-resized\"><img data-opt-id=337923112  fetchpriority=\"high\" decoding=\"async\" width=\"600\" height=\"600\" src=\"https:\/\/mlvpf61vi6vj.i.optimole.com\/w:auto\/h:auto\/q:mauto\/f:best\/https:\/\/www.silken.windhound.com\/starcastlehounds\/wp-content\/uploads\/2026\/02\/quill-1-600-bred-facing-right.png\" alt=\"\" class=\"wp-image-875\" style=\"width:220px\" srcset=\"https:\/\/mlvpf61vi6vj.i.optimole.com\/w:600\/h:600\/q:mauto\/f:best\/https:\/\/www.silken.windhound.com\/starcastlehounds\/wp-content\/uploads\/2026\/02\/quill-1-600-bred-facing-right.png 600w, https:\/\/mlvpf61vi6vj.i.optimole.com\/w:300\/h:300\/q:mauto\/f:best\/https:\/\/www.silken.windhound.com\/starcastlehounds\/wp-content\/uploads\/2026\/02\/quill-1-600-bred-facing-right.png 300w, https:\/\/mlvpf61vi6vj.i.optimole.com\/w:150\/h:150\/q:mauto\/f:best\/https:\/\/www.silken.windhound.com\/starcastlehounds\/wp-content\/uploads\/2026\/02\/quill-1-600-bred-facing-right.png 150w\" sizes=\"(max-width: 600px) 100vw, 600px\" \/><\/figure>\n\n\n\n<p class=\"has-text-align-center has-custom-starcastle-gol-color has-text-color has-link-color has-medium-font-size wp-elements-cc7b7b30bdc1df2731b02f00b392967d\"><em>Susann Stjernborg<\/em><\/p>\n\n\n\n<p class=\"has-text-align-center has-custom-starcastle-gol-color has-text-color has-link-color wp-elements-40046ed7e723376156ee59d9615b0492\"><em>Silken Windhounds since 1998<\/em><\/p>\n\n\n\n<p class=\"has-custom-accent-color has-text-color has-link-color has-small-font-size wp-elements-9c76ad8cc51c128ac0852f7ab83c93fc\"><em>Denna sida \u00e4r en personlig genomg\u00e5ng och f\u00f6rklaring, baserad p\u00e5 tillg\u00e4nglig information och egen erfarenhet.<br>Den representerar inte n\u00e5gon rasklubb eller organisation, utan \u00e4r skriven f\u00f6r att g\u00f6ra ett komplext system mer begripligt.<\/em><\/p>\n<\/div>\n\n\n\n<div class=\"wp-block-column is-layout-flow wp-block-column-is-layout-flow\">\n<figure class=\"wp-block-image alignright size-full is-resized\"><img data-opt-id=1129642098  data-opt-src=\"https:\/\/mlvpf61vi6vj.i.optimole.com\/w:auto\/h:auto\/q:mauto\/f:best\/https:\/\/www.silken.windhound.com\/starcastlehounds\/wp-content\/uploads\/2026\/02\/Sussi-PS-800-height.jpg\"  decoding=\"async\" width=\"661\" height=\"800\" src=\"data:image/svg+xml,%3Csvg%20viewBox%3D%220%200%20100%%20100%%22%20width%3D%22100%%22%20height%3D%22100%%22%20xmlns%3D%22http%3A%2F%2Fwww.w3.org%2F2000%2Fsvg%22%3E%3Crect%20width%3D%22100%%22%20height%3D%22100%%22%20fill%3D%22transparent%22%2F%3E%3C%2Fsvg%3E\" alt=\"\" class=\"wp-image-873\" style=\"width:240px\" old-srcset=\"https:\/\/mlvpf61vi6vj.i.optimole.com\/w:661\/h:800\/q:mauto\/f:best\/https:\/\/www.silken.windhound.com\/starcastlehounds\/wp-content\/uploads\/2026\/02\/Sussi-PS-800-height.jpg 661w, https:\/\/mlvpf61vi6vj.i.optimole.com\/w:248\/h:300\/q:mauto\/f:best\/https:\/\/www.silken.windhound.com\/starcastlehounds\/wp-content\/uploads\/2026\/02\/Sussi-PS-800-height.jpg 248w\" \/><\/figure>\n<\/div>\n<\/div>\n<\/div>\n","protected":false},"excerpt":{"rendered":"<p>Silken Windhounds har accepterats in i FSS, AKC&#8217;s register f\u00f6r nya raser<\/p>\n","protected":false},"author":3,"featured_media":0,"parent":0,"menu_order":0,"comment_status":"closed","ping_status":"closed","template":"longpage-signature","meta":{"_lmt_disableupdate":"","_lmt_disable":"","slim_seo":{"title":"Silken Windhounds i Sverige","description":"Silken Windhounds har accepterats in i FSS, AKC's register f\u00f6r nya raser"},"footnotes":""},"class_list":["post-2940","page","type-page","status-publish","hentry"],"featured_image_src":null,"_links":{"self":[{"href":"https:\/\/www.silken.windhound.com\/starcastlehounds\/wp-json\/wp\/v2\/pages\/2940","targetHints":{"allow":["GET"]}}],"collection":[{"href":"https:\/\/www.silken.windhound.com\/starcastlehounds\/wp-json\/wp\/v2\/pages"}],"about":[{"href":"https:\/\/www.silken.windhound.com\/starcastlehounds\/wp-json\/wp\/v2\/types\/page"}],"author":[{"embeddable":true,"href":"https:\/\/www.silken.windhound.com\/starcastlehounds\/wp-json\/wp\/v2\/users\/3"}],"replies":[{"embeddable":true,"href":"https:\/\/www.silken.windhound.com\/starcastlehounds\/wp-json\/wp\/v2\/comments?post=2940"}],"version-history":[{"count":13,"href":"https:\/\/www.silken.windhound.com\/starcastlehounds\/wp-json\/wp\/v2\/pages\/2940\/revisions"}],"predecessor-version":[{"id":3411,"href":"https:\/\/www.silken.windhound.com\/starcastlehounds\/wp-json\/wp\/v2\/pages\/2940\/revisions\/3411"}],"wp:attachment":[{"href":"https:\/\/www.silken.windhound.com\/starcastlehounds\/wp-json\/wp\/v2\/media?parent=2940"}],"curies":[{"name":"wp","href":"https:\/\/api.w.org\/{rel}","templated":true}]}}